{"id":102,"date":"2024-11-09T20:38:32","date_gmt":"2024-11-09T20:38:32","guid":{"rendered":"https:\/\/adepolsc.org.br\/adepolsite\/?page_id=102"},"modified":"2025-01-07T14:17:49","modified_gmt":"2025-01-07T14:17:49","slug":"sobre-nos","status":"publish","type":"page","link":"https:\/\/adepolsc.org.br\/adepolsite\/sobre-nos\/","title":{"rendered":"Sobre N\u00f3s"},"content":{"rendered":"\t\t<div data-elementor-type=\"wp-page\" data-elementor-id=\"102\" class=\"elementor elementor-102\" data-elementor-post-type=\"page\">\n\t\t\t\t<div class=\"elementor-element elementor-element-20122f4 e-flex e-con-boxed e-con e-parent\" data-id=\"20122f4\" data-element_type=\"container\" data-settings=\"{&quot;background_background&quot;:&quot;classic&quot;}\">\n\t\t\t\t\t<div class=\"e-con-inner\">\n\t\t<div class=\"elementor-element elementor-element-5379d96 e-con-full e-flex e-con e-child\" data-id=\"5379d96\" data-element_type=\"container\">\n\t\t\t\t<div class=\"elementor-element elementor-element-61e666c elementor-widget elementor-widget-heading\" data-id=\"61e666c\" data-element_type=\"widget\" data-widget_type=\"heading.default\">\n\t\t\t\t<div class=\"elementor-widget-container\">\n\t\t\t\t\t<h2 class=\"elementor-heading-title elementor-size-default\">QUEM SOMOS<\/h2>\t\t\t\t<\/div>\n\t\t\t\t<\/div>\n\t\t\t\t<div class=\"elementor-element elementor-element-5972912 elementor-widget elementor-widget-text-editor\" data-id=\"5972912\" data-element_type=\"widget\" data-widget_type=\"text-editor.default\">\n\t\t\t\t<div class=\"elementor-widget-container\">\n\t\t\t\t\t\t\t\t\t<p>A Associa\u00e7\u00e3o dos Delegados de Pol\u00edcia do Estado de Santa Catarina \u2013 <strong>ADEPOL-SC<\/strong> \u00e9 uma entidade representativa de classe que tem como principal objetivo defender os interesses, direitos e prerrogativas dos Delegados de Pol\u00edcia.<\/p><p>Atualmente, praticamente 100% dos Delegados de Pol\u00edcia de Santa Catarina s\u00e3o associados \u00e0 ADEPOL-SC, o que mostra o fortalecimento da classe e a for\u00e7a da entidade, que zela pela valoriza\u00e7\u00e3o e integridade da carreira.<\/p>\t\t\t\t\t\t\t\t<\/div>\n\t\t\t\t<\/div>\n\t\t\t\t<\/div>\n\t\t<div class=\"elementor-element elementor-element-1946ecd e-con-full e-flex e-con e-child\" data-id=\"1946ecd\" data-element_type=\"container\">\n\t\t\t\t<\/div>\n\t\t\t\t\t<\/div>\n\t\t\t\t<\/div>\n\t\t<div class=\"elementor-element elementor-element-3d21ad2 e-flex e-con-boxed e-con e-parent\" data-id=\"3d21ad2\" data-element_type=\"container\" data-settings=\"{&quot;background_background&quot;:&quot;classic&quot;}\">\n\t\t\t\t\t<div class=\"e-con-inner\">\n\t\t<div class=\"elementor-element elementor-element-73232af e-con-full e-flex e-con e-child\" data-id=\"73232af\" data-element_type=\"container\">\n\t\t\t\t<div class=\"elementor-element elementor-element-ac91f7c elementor-widget elementor-widget-heading\" data-id=\"ac91f7c\" data-element_type=\"widget\" data-widget_type=\"heading.default\">\n\t\t\t\t<div class=\"elementor-widget-container\">\n\t\t\t\t\t<h2 class=\"elementor-heading-title elementor-size-default\">Dentre as bandeiras \nda <span style=\"color: #93794d\">ADEPOL-SC<\/span> est\u00e1 a luta \npelo reconhecimento \ndo trabalho e direitos \nda classe dos Delegados \nde Pol\u00edcia.<\/h2>\t\t\t\t<\/div>\n\t\t\t\t<\/div>\n\t\t\t\t<div class=\"elementor-element elementor-element-1cc4398 elementor-widget elementor-widget-text-editor\" data-id=\"1cc4398\" data-element_type=\"widget\" data-widget_type=\"text-editor.default\">\n\t\t\t\t<div class=\"elementor-widget-container\">\n\t\t\t\t\t\t\t\t\t<p>Dentre as metas da ADEPOL-SC est\u00e1 promover cursos, congressos e outras atividades similares sobre assuntos de interesse da classe, visando o aprimoramento t\u00e9cnico, a capacita\u00e7\u00e3o e a reciclagem da profiss\u00e3o. Al\u00e9m disso, a entidade disp\u00f5e de uma s\u00e9rie de benef\u00edcios para os associados, como assessoria jur\u00eddica, conv\u00eanio m\u00e9dico, conv\u00eanio com universidades, editoras, lojas, hot\u00e9is, cursos de ingl\u00eas, dentre outros.<\/p><p>A ADEPOL-SC visa fortalecer a categoria dos Delegados de Pol\u00edcia que colabora com a Seguran\u00e7a P\u00fablica e com a sociedade catarinense.<\/p>\t\t\t\t\t\t\t\t<\/div>\n\t\t\t\t<\/div>\n\t\t\t\t<\/div>\n\t\t<div class=\"elementor-element elementor-element-fe60d69 e-con-full e-flex e-con e-child\" data-id=\"fe60d69\" data-element_type=\"container\">\n\t\t\t\t<\/div>\n\t\t\t\t\t<\/div>\n\t\t\t\t<\/div>\n\t\t\t\t<\/div>\n\t\t","protected":false},"excerpt":{"rendered":"<p>QUEM SOMOS A Associa\u00e7\u00e3o dos Delegados de Pol\u00edcia do Estado de Santa Catarina \u2013 ADEPOL-SC \u00e9 uma entidade representativa de classe que tem como principal objetivo defender os interesses, direitos e prerrogativas dos Delegados de Pol\u00edcia. Atualmente, praticamente 100% dos Delegados de Pol\u00edcia de Santa Catarina s\u00e3o associados \u00e0 ADEPOL-SC, o que mostra o fortalecimento [&hellip;]<\/p>\n","protected":false},"author":1,"featured_media":0,"parent":0,"menu_order":0,"comment_status":"closed","ping_status":"closed","template":"","meta":{"footnotes":""},"class_list":["post-102","page","type-page","status-publish","hentry"],"_links":{"self":[{"href":"https:\/\/adepolsc.org.br\/adepolsite\/wp-json\/wp\/v2\/pages\/102","targetHints":{"allow":["GET"]}}],"collection":[{"href":"https:\/\/adepolsc.org.br\/adepolsite\/wp-json\/wp\/v2\/pages"}],"about":[{"href":"https:\/\/adepolsc.org.br\/adepolsite\/wp-json\/wp\/v2\/types\/page"}],"author":[{"embeddable":true,"href":"https:\/\/adepolsc.org.br\/adepolsite\/wp-json\/wp\/v2\/users\/1"}],"replies":[{"embeddable":true,"href":"https:\/\/adepolsc.org.br\/adepolsite\/wp-json\/wp\/v2\/comments?post=102"}],"version-history":[{"count":16,"href":"https:\/\/adepolsc.org.br\/adepolsite\/wp-json\/wp\/v2\/pages\/102\/revisions"}],"predecessor-version":[{"id":1253,"href":"https:\/\/adepolsc.org.br\/adepolsite\/wp-json\/wp\/v2\/pages\/102\/revisions\/1253"}],"wp:attachment":[{"href":"https:\/\/adepolsc.org.br\/adepolsite\/wp-json\/wp\/v2\/media?parent=102"}],"curies":[{"name":"wp","href":"https:\/\/api.w.org\/{rel}","templated":true}]}}

Sobre Nós

<div data-elementor-type="wp-page" data-elementor-id="102" class="elementor elementor-102" data-elementor-post-type="page">
				<div class="elementor-element elementor-element-20122f4 e-flex e-con-boxed e-con e-parent" data-id="20122f4" data-element_type="container" data-settings="{&quot;background_background&quot;:&quot;classic&quot;}">
					<div class="e-con-inner">
		<div class="elementor-element elementor-element-5379d96 e-con-full e-flex e-con e-child" data-id="5379d96" data-element_type="container">
				<div class="elementor-element elementor-element-61e666c elementor-widget elementor-widget-heading" data-id="61e666c" data-element_type="widget" data-widget_type="heading.default">
				<div class="elementor-widget-container">
					<h2 class="elementor-heading-title elementor-size-default">QUEM SOMOS</h2>				</div>
				</div>
				<div class="elementor-element elementor-element-5972912 elementor-widget elementor-widget-text-editor" data-id="5972912" data-element_type="widget" data-widget_type="text-editor.default">
				<div class="elementor-widget-container">
									<p>A Associação dos Delegados de Polícia do Estado de Santa Catarina – <strong>ADEPOL-SC</strong> é uma entidade representativa de classe que tem como principal objetivo defender os interesses, direitos e prerrogativas dos Delegados de Polícia.</p><p>Atualmente, praticamente 100% dos Delegados de Polícia de Santa Catarina são associados à ADEPOL-SC, o que mostra o fortalecimento da classe e a força da entidade, que zela pela valorização e integridade da carreira.</p>								</div>
				</div>
				</div>
		<div class="elementor-element elementor-element-1946ecd e-con-full e-flex e-con e-child" data-id="1946ecd" data-element_type="container">
				</div>
					</div>
				</div>
		<div class="elementor-element elementor-element-3d21ad2 e-flex e-con-boxed e-con e-parent" data-id="3d21ad2" data-element_type="container" data-settings="{&quot;background_background&quot;:&quot;classic&quot;}">
					<div class="e-con-inner">
		<div class="elementor-element elementor-element-73232af e-con-full e-flex e-con e-child" data-id="73232af" data-element_type="container">
				<div class="elementor-element elementor-element-ac91f7c elementor-widget elementor-widget-heading" data-id="ac91f7c" data-element_type="widget" data-widget_type="heading.default">
				<div class="elementor-widget-container">
					<h2 class="elementor-heading-title elementor-size-default">Dentre as bandeiras 
da <span style="color: #93794d">ADEPOL-SC</span> está a luta 
pelo reconhecimento 
do trabalho e direitos 
da classe dos Delegados 
de Polícia.</h2>				</div>
				</div>
				<div class="elementor-element elementor-element-1cc4398 elementor-widget elementor-widget-text-editor" data-id="1cc4398" data-element_type="widget" data-widget_type="text-editor.default">
				<div class="elementor-widget-container">
									<p>Dentre as metas da ADEPOL-SC está promover cursos, congressos e outras atividades similares sobre assuntos de interesse da classe, visando o aprimoramento técnico, a capacitação e a reciclagem da profissão. Além disso, a entidade dispõe de uma série de benefícios para os associados, como assessoria jurídica, convênio médico, convênio com universidades, editoras, lojas, hotéis, cursos de inglês, dentre outros.</p><p>A ADEPOL-SC visa fortalecer a categoria dos Delegados de Polícia que colabora com a Segurança Pública e com a sociedade catarinense.</p>								</div>
				</div>
				</div>
		<div class="elementor-element elementor-element-fe60d69 e-con-full e-flex e-con e-child" data-id="fe60d69" data-element_type="container">
				</div>
					</div>
				</div>
				</div>

<p>QUEM SOMOS A Associação dos Delegados de Polícia do Estado de Santa Catarina – ADEPOL-SC é uma entidade representativa de classe que tem como principal objetivo defender os interesses, direitos e prerrogativas dos Delegados de Polícia. Atualmente, praticamente 100% dos Delegados de Polícia de Santa Catarina são associados à ADEPOL-SC, o que mostra o fortalecimento [&hellip;]</p>
