{"id":597,"date":"2024-12-08T15:46:03","date_gmt":"2024-12-08T15:46:03","guid":{"rendered":"https:\/\/adepolsc.org.br\/adepolsite\/?page_id=597"},"modified":"2024-12-08T16:31:34","modified_gmt":"2024-12-08T16:31:34","slug":"balistica-para-profissionais-do-direito","status":"publish","type":"page","link":"https:\/\/adepolsc.org.br\/adepolsite\/balistica-para-profissionais-do-direito\/","title":{"rendered":"Bal\u00edstica Para Profissionais do Direito"},"content":{"rendered":"\t\t<div data-elementor-type=\"wp-page\" data-elementor-id=\"597\" class=\"elementor elementor-597\" data-elementor-post-type=\"page\">\n\t\t\t\t<div class=\"elementor-element elementor-element-a60cc99 e-con-full e-flex e-con e-parent\" data-id=\"a60cc99\" data-element_type=\"container\">\n\t\t\t\t<div class=\"elementor-element elementor-element-63c29c9 elementor--h-position-left elementor--v-position-middle elementor-pagination-position-inside elementor-widget elementor-widget-slides\" data-id=\"63c29c9\" data-element_type=\"widget\" data-settings=\"{&quot;navigation&quot;:&quot;dots&quot;,&quot;autoplay&quot;:&quot;yes&quot;,&quot;pause_on_hover&quot;:&quot;yes&quot;,&quot;pause_on_interaction&quot;:&quot;yes&quot;,&quot;autoplay_speed&quot;:5000,&quot;infinite&quot;:&quot;yes&quot;,&quot;transition&quot;:&quot;slide&quot;,&quot;transition_speed&quot;:500}\" data-widget_type=\"slides.default\">\n\t\t\t\t<div class=\"elementor-widget-container\">\n\t\t\t\t\t\t\t<div class=\"elementor-swiper\">\n\t\t\t<div class=\"elementor-slides-wrapper elementor-main-swiper swiper\" dir=\"ltr\" data-animation=\"fadeInUp\">\n\t\t\t\t<div class=\"swiper-wrapper elementor-slides\">\n\t\t\t\t\t\t\t\t\t\t<div class=\"elementor-repeater-item-498a551 swiper-slide\"><div class=\"swiper-slide-bg\" role=\"img\"><\/div><div class=\"swiper-slide-inner\" ><div class=\"swiper-slide-contents\"><div class=\"elementor-slide-heading\">livros<\/div><\/div><\/div><\/div>\t\t\t\t<\/div>\n\t\t\t\t\t\t\t<\/div>\n\t\t<\/div>\n\t\t\t\t\t\t<\/div>\n\t\t\t\t<\/div>\n\t\t\t\t<\/div>\n\t\t<div class=\"elementor-element elementor-element-1611944 e-con-full e-flex e-con e-parent\" data-id=\"1611944\" data-element_type=\"container\" data-settings=\"{&quot;background_background&quot;:&quot;classic&quot;}\">\n\t\t<div class=\"elementor-element elementor-element-17d3f17 e-con-full e-flex e-con e-child\" data-id=\"17d3f17\" data-element_type=\"container\" id=\"noticias-sec-banner\">\n\t\t\t\t<\/div>\n\t\t\t\t<\/div>\n\t\t<div class=\"elementor-element elementor-element-2dec332 e-flex e-con-boxed e-con e-parent\" data-id=\"2dec332\" data-element_type=\"container\">\n\t\t\t\t\t<div class=\"e-con-inner\">\n\t\t<div class=\"elementor-element elementor-element-758ccd9 e-con-full e-flex e-con e-child\" data-id=\"758ccd9\" data-element_type=\"container\" data-settings=\"{&quot;background_background&quot;:&quot;classic&quot;}\">\n\t\t<div class=\"elementor-element elementor-element-6f2570c e-grid e-con-full e-con e-child\" data-id=\"6f2570c\" data-element_type=\"container\">\n\t\t\t\t<div class=\"elementor-element elementor-element-851040a elementor-widget elementor-widget-image\" data-id=\"851040a\" data-element_type=\"widget\" data-widget_type=\"image.default\">\n\t\t\t\t<div class=\"elementor-widget-container\">\n\t\t\t\t\t\t\t\t\t\t\t\t\t\t\t<img fetchpriority=\"high\" decoding=\"async\" width=\"257\" height=\"396\" src=\"https:\/\/adepolsc.org.br\/adepolsite\/wp-content\/uploads\/2024\/12\/LIVRO-03.png\" class=\"attachment-large size-large wp-image-503\" alt=\"\" srcset=\"https:\/\/adepolsc.org.br\/adepolsite\/wp-content\/uploads\/2024\/12\/LIVRO-03.png 257w, https:\/\/adepolsc.org.br\/adepolsite\/wp-content\/uploads\/2024\/12\/LIVRO-03-195x300.png 195w\" sizes=\"(max-width: 257px) 100vw, 257px\" \/>\t\t\t\t\t\t\t\t\t\t\t\t\t\t\t<\/div>\n\t\t\t\t<\/div>\n\t\t\t\t<div class=\"elementor-element elementor-element-5fb33c2 elementor-widget elementor-widget-heading\" data-id=\"5fb33c2\" data-element_type=\"widget\" data-widget_type=\"heading.default\">\n\t\t\t\t<div class=\"elementor-widget-container\">\n\t\t\t\t\t<h2 class=\"elementor-heading-title elementor-size-default\">Bal\u00edstica Para Profissionais do Direito\nJo\u00e3o da Cunha Neto <BR>(Edi\u00e7\u00e3o independente, 2020)<\/h2>\t\t\t\t<\/div>\n\t\t\t\t<\/div>\n\t\t\t\t<\/div>\n\t\t<div class=\"elementor-element elementor-element-a153315 e-grid e-con-full e-con e-child\" data-id=\"a153315\" data-element_type=\"container\">\n\t\t\t\t<div class=\"elementor-element elementor-element-e1a15a4 elementor-widget elementor-widget-heading\" data-id=\"e1a15a4\" data-element_type=\"widget\" data-widget_type=\"heading.default\">\n\t\t\t\t<div class=\"elementor-widget-container\">\n\t\t\t\t\t<span class=\"elementor-heading-title elementor-size-default\">A obra se destina aos Profissionais do Direito que tenham contato com armas de fogo, bem como aos atiradores desportivos e apaixonados pelo tema. S\u00e3o tratados temas como hist\u00f3rico das armas de fogo, classifica\u00e7\u00f5es, divis\u00f5es da bal\u00edstica, armas de fogo em esp\u00e9cie, aspectos jur\u00eddicos relacionados, dentre outros. O cap\u00edtulo bal\u00edstica terminal foi de lavra do Dr. Sergio Maniglia, m\u00e9dico e policial civil, refer\u00eancia nacional no assunto. J\u00e1 a bal\u00edstica forense restou explicada de forma extremamente did\u00e1tica pela Perita Criminal Sidneia Mansanari, do IGP\/SC.<\/span>\t\t\t\t<\/div>\n\t\t\t\t<\/div>\n\t\t<div class=\"elementor-element elementor-element-344aae5 e-grid e-con-full e-con e-child\" data-id=\"344aae5\" data-element_type=\"container\">\n\t\t\t\t<div class=\"elementor-element elementor-element-9ac0a3b elementor-align-left elementor-widget elementor-widget-button\" data-id=\"9ac0a3b\" data-element_type=\"widget\" data-widget_type=\"button.default\">\n\t\t\t\t<div class=\"elementor-widget-container\">\n\t\t\t\t\t\t\t\t\t<div class=\"elementor-button-wrapper\">\n\t\t\t\t\t<a class=\"elementor-button elementor-button-link elementor-size-sm\" href=\"https:\/\/adepolsc.org.br\/adepolsite\/livros-2\/\">\n\t\t\t\t\t\t<span class=\"elementor-button-content-wrapper\">\n\t\t\t\t\t\t<span class=\"elementor-button-icon\">\n\t\t\t\t<svg aria-hidden=\"true\" class=\"e-font-icon-svg e-fas-angle-double-left\" viewBox=\"0 0 448 512\" xmlns=\"http:\/\/www.w3.org\/2000\/svg\"><path d=\"M223.7 239l136-136c9.4-9.4 24.6-9.4 33.9 0l22.6 22.6c9.4 9.4 9.4 24.6 0 33.9L319.9 256l96.4 96.4c9.4 9.4 9.4 24.6 0 33.9L393.7 409c-9.4 9.4-24.6 9.4-33.9 0l-136-136c-9.5-9.4-9.5-24.6-.1-34zm-192 34l136 136c9.4 9.4 24.6 9.4 33.9 0l22.6-22.6c9.4-9.4 9.4-24.6 0-33.9L127.9 256l96.4-96.4c9.4-9.4 9.4-24.6 0-33.9L201.7 103c-9.4-9.4-24.6-9.4-33.9 0l-136 136c-9.5 9.4-9.5 24.6-.1 34z\"><\/path><\/svg>\t\t\t<\/span>\n\t\t\t\t\t\t\t\t\t<span class=\"elementor-button-text\">VOLTTAR<\/span>\n\t\t\t\t\t<\/span>\n\t\t\t\t\t<\/a>\n\t\t\t\t<\/div>\n\t\t\t\t\t\t\t\t<\/div>\n\t\t\t\t<\/div>\n\t\t\t\t<div class=\"elementor-element elementor-element-5566f4c elementor-align-right elementor-widget elementor-widget-button\" data-id=\"5566f4c\" data-element_type=\"widget\" data-widget_type=\"button.default\">\n\t\t\t\t<div class=\"elementor-widget-container\">\n\t\t\t\t\t\t\t\t\t<div class=\"elementor-button-wrapper\">\n\t\t\t\t\t<a class=\"elementor-button elementor-button-link elementor-size-sm\" href=\"https:\/\/clubedeautores.com.br\/livro\/balistica-para-profissionais-do-direito-2\" target=\"_blank\">\n\t\t\t\t\t\t<span class=\"elementor-button-content-wrapper\">\n\t\t\t\t\t\t\t\t\t<span class=\"elementor-button-text\">COMPRE AQUI<\/span>\n\t\t\t\t\t<\/span>\n\t\t\t\t\t<\/a>\n\t\t\t\t<\/div>\n\t\t\t\t\t\t\t\t<\/div>\n\t\t\t\t<\/div>\n\t\t\t\t<\/div>\n\t\t\t\t<\/div>\n\t\t\t\t<\/div>\n\t\t\t\t\t<\/div>\n\t\t\t\t<\/div>\n\t\t\t\t<\/div>\n\t\t","protected":false},"excerpt":{"rendered":"<p>livros Bal\u00edstica Para Profissionais do Direito Jo\u00e3o da Cunha Neto (Edi\u00e7\u00e3o independente, 2020) A obra se destina aos Profissionais do Direito que tenham contato com armas de fogo, bem como aos atiradores desportivos e apaixonados pelo tema. S\u00e3o tratados temas como hist\u00f3rico das armas de fogo, classifica\u00e7\u00f5es, divis\u00f5es da bal\u00edstica, armas de fogo em esp\u00e9cie, [&hellip;]<\/p>\n","protected":false},"author":1,"featured_media":0,"parent":0,"menu_order":0,"comment_status":"closed","ping_status":"closed","template":"","meta":{"footnotes":""},"class_list":["post-597","page","type-page","status-publish","hentry"],"_links":{"self":[{"href":"https:\/\/adepolsc.org.br\/adepolsite\/wp-json\/wp\/v2\/pages\/597","targetHints":{"allow":["GET"]}}],"collection":[{"href":"https:\/\/adepolsc.org.br\/adepolsite\/wp-json\/wp\/v2\/pages"}],"about":[{"href":"https:\/\/adepolsc.org.br\/adepolsite\/wp-json\/wp\/v2\/types\/page"}],"author":[{"embeddable":true,"href":"https:\/\/adepolsc.org.br\/adepolsite\/wp-json\/wp\/v2\/users\/1"}],"replies":[{"embeddable":true,"href":"https:\/\/adepolsc.org.br\/adepolsite\/wp-json\/wp\/v2\/comments?post=597"}],"version-history":[{"count":7,"href":"https:\/\/adepolsc.org.br\/adepolsite\/wp-json\/wp\/v2\/pages\/597\/revisions"}],"predecessor-version":[{"id":604,"href":"https:\/\/adepolsc.org.br\/adepolsite\/wp-json\/wp\/v2\/pages\/597\/revisions\/604"}],"wp:attachment":[{"href":"https:\/\/adepolsc.org.br\/adepolsite\/wp-json\/wp\/v2\/media?parent=597"}],"curies":[{"name":"wp","href":"https:\/\/api.w.org\/{rel}","templated":true}]}}

Balística Para Profissionais do Direito

<div data-elementor-type="wp-page" data-elementor-id="597" class="elementor elementor-597" data-elementor-post-type="page">
				<div class="elementor-element elementor-element-a60cc99 e-con-full e-flex e-con e-parent" data-id="a60cc99" data-element_type="container">
				<div class="elementor-element elementor-element-63c29c9 elementor--h-position-left elementor--v-position-middle elementor-pagination-position-inside elementor-widget elementor-widget-slides" data-id="63c29c9" data-element_type="widget" data-settings="{&quot;navigation&quot;:&quot;dots&quot;,&quot;autoplay&quot;:&quot;yes&quot;,&quot;pause_on_hover&quot;:&quot;yes&quot;,&quot;pause_on_interaction&quot;:&quot;yes&quot;,&quot;autoplay_speed&quot;:5000,&quot;infinite&quot;:&quot;yes&quot;,&quot;transition&quot;:&quot;slide&quot;,&quot;transition_speed&quot;:500}" data-widget_type="slides.default">
				<div class="elementor-widget-container">
							<div class="elementor-swiper">
			<div class="elementor-slides-wrapper elementor-main-swiper swiper" dir="ltr" data-animation="fadeInUp">
				<div class="swiper-wrapper elementor-slides">
										<div class="elementor-repeater-item-498a551 swiper-slide"><div class="swiper-slide-bg" role="img"></div><div class="swiper-slide-inner" ><div class="swiper-slide-contents"><div class="elementor-slide-heading">livros</div></div></div></div>				</div>
							</div>
		</div>
						</div>
				</div>
				</div>
		<div class="elementor-element elementor-element-1611944 e-con-full e-flex e-con e-parent" data-id="1611944" data-element_type="container" data-settings="{&quot;background_background&quot;:&quot;classic&quot;}">
		<div class="elementor-element elementor-element-17d3f17 e-con-full e-flex e-con e-child" data-id="17d3f17" data-element_type="container" id="noticias-sec-banner">
				</div>
				</div>
		<div class="elementor-element elementor-element-2dec332 e-flex e-con-boxed e-con e-parent" data-id="2dec332" data-element_type="container">
					<div class="e-con-inner">
		<div class="elementor-element elementor-element-758ccd9 e-con-full e-flex e-con e-child" data-id="758ccd9" data-element_type="container" data-settings="{&quot;background_background&quot;:&quot;classic&quot;}">
		<div class="elementor-element elementor-element-6f2570c e-grid e-con-full e-con e-child" data-id="6f2570c" data-element_type="container">
				<div class="elementor-element elementor-element-851040a elementor-widget elementor-widget-image" data-id="851040a" data-element_type="widget" data-widget_type="image.default">
				<div class="elementor-widget-container">
															<img fetchpriority="high" decoding="async" width="257" height="396" src="https://adepolsc.org.br/adepolsite/wp-content/uploads/2024/12/LIVRO-03.png" class="attachment-large size-large wp-image-503" alt="" srcset="https://adepolsc.org.br/adepolsite/wp-content/uploads/2024/12/LIVRO-03.png 257w, https://adepolsc.org.br/adepolsite/wp-content/uploads/2024/12/LIVRO-03-195x300.png 195w" sizes="(max-width: 257px) 100vw, 257px" />															</div>
				</div>
				<div class="elementor-element elementor-element-5fb33c2 elementor-widget elementor-widget-heading" data-id="5fb33c2" data-element_type="widget" data-widget_type="heading.default">
				<div class="elementor-widget-container">
					<h2 class="elementor-heading-title elementor-size-default">Balística Para Profissionais do Direito
João da Cunha Neto <BR>(Edição independente, 2020)</h2>				</div>
				</div>
				</div>
		<div class="elementor-element elementor-element-a153315 e-grid e-con-full e-con e-child" data-id="a153315" data-element_type="container">
				<div class="elementor-element elementor-element-e1a15a4 elementor-widget elementor-widget-heading" data-id="e1a15a4" data-element_type="widget" data-widget_type="heading.default">
				<div class="elementor-widget-container">
					<span class="elementor-heading-title elementor-size-default">A obra se destina aos Profissionais do Direito que tenham contato com armas de fogo, bem como aos atiradores desportivos e apaixonados pelo tema. São tratados temas como histórico das armas de fogo, classificações, divisões da balística, armas de fogo em espécie, aspectos jurídicos relacionados, dentre outros. O capítulo balística terminal foi de lavra do Dr. Sergio Maniglia, médico e policial civil, referência nacional no assunto. Já a balística forense restou explicada de forma extremamente didática pela Perita Criminal Sidneia Mansanari, do IGP/SC.</span>				</div>
				</div>
		<div class="elementor-element elementor-element-344aae5 e-grid e-con-full e-con e-child" data-id="344aae5" data-element_type="container">
				<div class="elementor-element elementor-element-9ac0a3b elementor-align-left elementor-widget elementor-widget-button" data-id="9ac0a3b" data-element_type="widget" data-widget_type="button.default">
				<div class="elementor-widget-container">
									<div class="elementor-button-wrapper">
					<a class="elementor-button elementor-button-link elementor-size-sm" href="https://adepolsc.org.br/adepolsite/livros-2/">
						<span class="elementor-button-content-wrapper">
						<span class="elementor-button-icon">
				<svg aria-hidden="true" class="e-font-icon-svg e-fas-angle-double-left" viewBox="0 0 448 512" xmlns="http://www.w3.org/2000/svg"><path d="M223.7 239l136-136c9.4-9.4 24.6-9.4 33.9 0l22.6 22.6c9.4 9.4 9.4 24.6 0 33.9L319.9 256l96.4 96.4c9.4 9.4 9.4 24.6 0 33.9L393.7 409c-9.4 9.4-24.6 9.4-33.9 0l-136-136c-9.5-9.4-9.5-24.6-.1-34zm-192 34l136 136c9.4 9.4 24.6 9.4 33.9 0l22.6-22.6c9.4-9.4 9.4-24.6 0-33.9L127.9 256l96.4-96.4c9.4-9.4 9.4-24.6 0-33.9L201.7 103c-9.4-9.4-24.6-9.4-33.9 0l-136 136c-9.5 9.4-9.5 24.6-.1 34z"></path></svg>			</span>
									<span class="elementor-button-text">VOLTTAR</span>
					</span>
					</a>
				</div>
								</div>
				</div>
				<div class="elementor-element elementor-element-5566f4c elementor-align-right elementor-widget elementor-widget-button" data-id="5566f4c" data-element_type="widget" data-widget_type="button.default">
				<div class="elementor-widget-container">
									<div class="elementor-button-wrapper">
					<a class="elementor-button elementor-button-link elementor-size-sm" href="https://clubedeautores.com.br/livro/balistica-para-profissionais-do-direito-2" target="_blank">
						<span class="elementor-button-content-wrapper">
									<span class="elementor-button-text">COMPRE AQUI</span>
					</span>
					</a>
				</div>
								</div>
				</div>
				</div>
				</div>
				</div>
					</div>
				</div>
				</div>

<p>livros Balística Para Profissionais do Direito João da Cunha Neto (Edição independente, 2020) A obra se destina aos Profissionais do Direito que tenham contato com armas de fogo, bem como aos atiradores desportivos e apaixonados pelo tema. São tratados temas como histórico das armas de fogo, classificações, divisões da balística, armas de fogo em espécie, [&hellip;]</p>
